 Give d(-1).
-10
Let m(b) be the first derivative of 1/2*b**2 + 2 + 2*b. Let n = -13 + 10. Calculate m(n).
-1
Suppose -2*a = 3*r + 14 + 7, 0 = -3*r + 5*a. Let s(n) = -n**3 - 5*n**2 - 5*n - 3. Calculate s(r).
22
Let z(k) = -4*k**2 + 0 + 2*k**2 - 1. Let u = 62 + -52. Suppose 0 = -6*o + 11*o + u. Give z(o).
-9
Suppose w - 12 = -3*o, -6 = 11*w - 8*w - 5*o. Let h = -3 - -2. Let p be (2 - w)/(h/(-3)). Let t(u) = u**2 + 6*u + 4. Calculate t(p).
-5
Let j(h) = 4*h - 22. Let y be j(7). Let s(f) = -7 - 9*f + f**3 - 4*f**2 + 13 - f**2 + 2. Calculate s(y).
-10
Let f(t) = 2*t**3 - t + 4. Let c(m) = 280*m**2 - m**3 + m - 280*m**2. Let h(o) = -c(o) - f(o). Give h(0).
-4
Let f be -7 - -7 - ((-1)/(-1))/(-1). Let i be (f*-2)/(10/(-25)). Let l(d) = -d - 4. Determine l(i).
-9
Let q(h) = h + 1. Let g be (((-30)/2)/(-3))/(-1). Determine q(g).
-4
Let r(j) be the first derivative of -j**6/120 - j**5/30 + j**4/8 - 2*j**3/3 + 2*j**2 - 10. Let q(n) be the second derivative of r(n). Give q(-3).
-4
Let k(h) = -h - 7. Let q(n) = 11. Let u(r) = -7. Let a(m) = 5*q(m) + 8*u(m). Let c(g) = -5*a(g) + k(g). Give c(-3).
1
Let z(x) = -57 + 85 - 43 + x. Determine z(13).
-2
Let q(u) = 2*u**3 + 2*u**2 + u. Suppose 4*m = 3*y + 46, 2*m - 24 = 4*y - 2*y. Suppose 2 = -12*r - m. Determine q(r).
-1
Let v(y) = 2*y**2 + 69*y - 23. Let d(b) = b**2 + 37*b - 12. Let w(j) = -11*d(j) + 6*v(j). Calculate w(-7).
-6
Let a(n) be the second derivative of -n**5/20 + n**3/6 - 6*n**2 - 2*n. Let k(c) be the second derivative of -c**3/6 + 5*c**2 - 5*c. Let i be k(10). Give a(i).
-12
Let y(w) = w**2 - 10*w + 3. Let i be y(10). Let v(m) = -i*m + m - 1 - 4 - m. Let r be -7 - ((-8)/4 + 0). Give v(r).
10
Let b(u) = -12*u - 1. Let t be 0/(4/(-7 + 3)). Suppose -3*s + 6*s - 42 = t. Suppose 5*f + 17 = -3*i, 4*i + s = -f + 3*f. Determine b(f).
11
Let c(v) = v**2 + 5*v. Let j(k) = k**2 - 6*k + 3. Let y be j(4). Give c(y).
0
Let t(r) = -r**2 - 3*r + 3. Let m = 35 + -39. Let i be 5*(-5)/(-100) - 7/m. Give t(i).
-7
Let s(g) = -g + 6. Suppose -5*x = -4*f + 51, 3*f - 3*x - 10 = 26. What is s(f)?
-3
Let a(l) = -7*l - 8. Let h(j) = -21*j - 22. Let k(i) = 17*a(i) - 6*h(i). What is k(2)?
10
Let v(t) = t - 3. Let x(q) = 2*q - 12. Let p(j) = 5*v(j) - 2*x(j). Give p(-10).
-1
Let n(m) = -2*m + 4. Let t(d) be the third derivative of d**6/120 + d**5/12 + d**4/8 - d**3/2 + 11*d**2. Let g be t(-3). What is n(g)?
-8
Let x(z) = -5*z**2 + 3*z. Let d(g) = g**2 - g. Let a(u) = -4*d(u) - x(u). Let r be a(0). Let o(k) = -k**3 + k**2 - 16. What is o(r)?
-16
Let n(b) = b**3 + 5*b**2 - 5*b + 7. Let r = 58 - -20. Suppose -q = -14*q - r. Determine n(q).
1
Let j(g) = -g**2 - 9*g - 7. Let h(q) = -2*q**2 - 17*q - 12. Let m(t) = 4*h(t) - 7*j(t). Calculate m(-6).
-5
Let k(b) be the third derivative of -b**4/12 + 7*b**3/6 - b**2. Suppose 0 = -2*c + 4*n - 2, 3*c - 3*n = -n + 9. What is k(c)?
-3
Let a(g) = -g**2 + 5*g - 4. Let y be a(3). Let p(d) = 2 + 0*d + 3*d - 2*d. Give p(y).
4
Let h be ((-92)/6)/((-14)/(-21)). Let j = 17 + h. Let n(b) = b**3 + 6*b**2 + b + 7. Calculate n(j).
1
Suppose 6*x - 2*x = 36. Let l(d) = -7*d - 37. Let c(v) = 1. Let q(b) = 3*b + 14. Let n(w) = -4*c(w) - q(w). Let s(o) = x*n(o) - 4*l(o). Determine s(6).
-8
Let w(l) be the third derivative of -l**5/60 + 5*l**4/24 + l**3 - 42*l**2. What is w(5)?
6
Let v(u) = -u**2 + 7*u - 9. Let r(i) be the first derivative of i**3/3 - 3*i**2 + 10*i - 42. Let w(m) = 2*r(m) + 3*v(m). What is w(8)?
1
Let l(d) = -d. Suppose 2*o - 32 = 6*o. What is l(o)?
8
Let y = -30 + 33. Let i(j) = -5*j**3 - j**2 + 5*j + 2. Let n(z) = 6*z**3 + z**2 - 6*z - 3. Let b(g) = y*n(g) + 4*i(g). Calculate b(1).
-2
Let v(o) = -2*o - 11. Let f be v(-2). Let g = f - -2. Let r(t) = -t**2 - 5*t + 3. What is r(g)?
3
Let z(d) = -2*d - 1 - 11 + 8. Give z(1).
-6
Suppose 93*o - 662 - 175 = 0. Let x(q) = -6*q + 56. Give x(o).
2
Let k(y) = -5*y + 23. Let f be (-3)/6 + 55/2. Suppose 0 = 3*m - f + 9. Let d(n) = -6*n + 24. Let l(t) = m*d(t) - 7*k(t). Give l(-7).
-10
Let x(z) = -z**3 + 3*z**2 - 3*z - 1. Let v = 63 + -60. Determine x(v).
-10
Let j(b) = -b - 2. Let r be -5*(-3)/5*1. Suppose -2*f = -o + 6, 3*f + 6 + r = 4*o. Suppose -3*d + d = o. Give j(d).
-2
Let v(c) be the first derivative of c**2/2 + c + 5. Suppose 5*p = r + 67 - 1, -5*p + 5*r = -50. Let t = -19 + p. Calculate v(t).
-4
Let u = 370 - 378. Let l(j) = j**3 + 7*j**2 - 11*j - 6. Let y(o) = o**3 + 7*o**2 - 10*o - 6. Let n(a) = 3*l(a) - 4*y(a). Determine n(u).
14
Let p(t) = -t - 3. Let b = 44 + -34. Let z(a) = -a**3 + 10*a**2 - 2*a + 13. Let h be z(b). Calculate p(h).
4
Let j(r) be the second derivative of r**4/12 - r**2/2 + 7*r + 13. Let m be (-4)/(-10) + 68/(-20). Calculate j(m).
8
Let j(x) = -11*x - 2. Let w be 3 + -2 + -7 + 3. Give j(w).
31
Let x(j) = 3*j**2 - 28*j + 20. Suppose -8*d = -13*d, 5*n - 40 = 2*d. Calculate x(n).
-12
Let p(y) = 5*y + 6 + y**2 + 2 - 2*y**2. Let i be p(6). Let c(s) = -12 + 4 - s**3 - 4*s**i + s + 10. Calculate c(-3).
-10
Let h = -140 - -139. Let f(n) = -13*n**2 - 4*n + 1. Let c(w) = -38*w**2 - 11*w + 3. Let u be (6/(-2))/((-3)/11). Let i(s) = u*f(s) - 4*c(s). Give i(h).
8
Let r(z) = 14*z**2 + z - 14. Let b(u) = 40*u**2 + 3*u - 40. Let x(h) = -6*b(h) + 17*r(h). What is x(-3)?
-13
Let a(b) = -8*b - 19. Suppose 29*f - 138 = 75*f. Determine a(f).
5
Let s(y) = y**3 + 8*y**2 - 4*y - 4. Let t(b) = -b**3 + 3*b**2. Let j(r) = s(r) - 3*t(r). Calculate j(-1).
-5
Let q be (((-50)/45)/5)/(2/18). Let i(s) = -8*s**2 + s + 1. Determine i(q).
-33
Let h(s) = 7*s**3 - 2*s + 1. Let f = -90 + 93. Let l(w) = 6*w - 17. Let p be l(f). Calculate h(p).
6
Suppose -5*p = 6 + 19. Let q(h) = -h**2 - 4*h + 9. Let y be q(p). Let k(v) = 3*v + 5. Let g(x) = 1. Let z(a) = -6*g(a) + k(a). Give z(y).
11
Let a(w) be the first derivative of 2*w**3/3 - 7*w**2/2 + w - 2. Suppose 0 = -4*q - x + 22, -5*q - x + 35 = 8. What is a(q)?
16
Suppose -j + 5*p + 13 = -0*p, 0 = 4*p. Let z(s) = -3*s**3 + 3*s**2 - 10*s - 9. Let t(m) = 6*m**3 - 7*m**2 + 21*m + 19. Let k(h) = j*z(h) + 6*t(h). Give k(-2).
17
Let n(q) = -5*q + q + 2*q. Let p(v) = -v**3 + 8*v**2 + v - 6. Let f be p(8). Let r be n(f). Let o(w) = -w - 1. What is o(r)?
3
Suppose -4*p = 2*s - 2 + 4, -p + 5*s = 6. Let y(i) = -9*i**3 + i + 2. What is y(p)?
10
Let z(b) = 3*b - 1. Let n = 323 - 322. Give z(n).
2
Let y(x) = -x**2 - 2*x + 6. Let l be 5/2 - (-3)/2. Calculate y(l).
-18
Let y(v) = 5*v**2 - 12*v - 1. Let u(o) = -3*o**2 + 6*o + 2. Let j(c) = -7*u(c) - 4*y(c). Let l(i) = 4*i + 1. Let n be l(-2). Determine j(n).
-3
Let x be 1/(-3) - 1/(-3). Suppose -p - 3*k = -0*k + 14, -p + 3*k + 16 = x. Let o be -1 - 2/1 - p. Let t(b) = b**2 + 5*b - 2. Calculate t(o).
-6
Let d = 339 - 111. Suppose -d = -20*h + 17*h. Let a be h/16 - 2/(-8). Let o(n) = n - 6. What is o(a)?
-1
Suppose 4*v - 5*z = 9 - 4, -4*v - 4*z = 4. Let n(u) = u**3 - u - 1. Determine n(v).
-1
Let n(b) = -b**3. Let q = -5 + 7. Let h(v) = -2*v - 29*v**3 + 28*v**3 - v**2 + q - 3. Let i be h(-1). What is n(i)?
-1
Suppose 2*r - 112 = -2*r. Let o be r/(-6) + 6/(-18). Let i(g) be the third derivative of g**4/12 + 7*g**3/6 + 3*g**2. Determine i(o).
-3
Let k(g) be the third derivative of g**5/60 - g**4/2 - 2*g**3/3 - 642*g**2. What is k(12)?
-4
Suppose 0 = 9*z - 47 + 2. Let h(o) = -o**2 + 2*o**2 + 3 - 10 - 2*o. Determine h(z).
8
Let l(w) = -35*w**2 + 45*w - 2. Let m(t) = -4*t**2 + 4*t - 1. Let g(o) = l(o) - 9*m(o). Suppose -6*n + 23 = -h - 2*n, -4*h - 48 = -5*n. Determine g(h).
-7
Let k(y) = -y + 4*y - 3*y + y - 8. Let v(a) = -a**3 - 7*a**2 - 2*a - 9. Let b be v(-7). Give k(b).
-3
Let s(z) = z**3 + 14*z**2 + 11*z - 26. Let r be s(-13). Suppose 5*p + 24 + 1 = r. Let q(g) = g**3 + 4*g**2 - g - 7. Calculate q(p).
-27
Let b(r) = r**2 - 4*r + 1 - 11*r + 15*r. Let o(m) = 5*m**2 - 5*m + 11. Let v(f) = 6*b(f) - o(f). What is v(-6)?
1
Let w be (-150)/(-250) - (-3)/(-5). Let y(x) be the second derivative of -x**4/12 - x**3/6 - x**2 + x. Calculate y(w).
-2
Let i(u) = u**3 + 4*u**2 + u. Suppose 0 = -5*c + 6*c - 45. Let v be (-54)/c*(-10)/(-4). Calculate i(v).
6
Let v(x) = -4*x**2 + x - 1. Let c = 9 + -9. Suppose 5*w - 4*f - 8 = w, c = -2*f. Calculate v(w).
-15
Let t(i) = -14*i**3 + 24*i**2 + 7*i + 10. Let n(g) = 5*g**3 - 8*g**2 - 2*g - 3. Let a(v) = -17*n(v) - 6*t(v). What is a(-6)?
-33
Let a(k) = k**3 